{"id":1098,"date":"2026-04-24T07:07:49","date_gmt":"2026-04-24T05:07:49","guid":{"rendered":"https:\/\/www.forum.aupindelalegue.com\/journal\/home\/"},"modified":"2026-04-25T09:21:29","modified_gmt":"2026-04-25T07:21:29","slug":"home","status":"publish","type":"page","link":"https:\/\/www.forum.aupindelalegue.com\/journal\/","title":{"rendered":"Page d&#8217;accueil"},"content":{"rendered":"\t\t<div data-elementor-type=\"wp-page\" data-elementor-id=\"1098\" class=\"elementor elementor-1098\">\n\t\t\t\t<div class=\"elementor-element elementor-element-588203b e-flex e-con-boxed e-con e-parent\" data-id=\"588203b\" data-element_type=\"container\" data-e-type=\"container\">\n\t\t\t\t\t<div class=\"e-con-inner\">\n\t\t<div class=\"elementor-element elementor-element-4802f58 e-con-full e-flex e-con e-child\" data-id=\"4802f58\" data-element_type=\"container\" data-e-type=\"container\">\n\t\t\t\t<div class=\"elementor-element elementor-element-fca3c67 elementor-align-justify elementor-widget elementor-widget-button\" data-id=\"fca3c67\" data-element_type=\"widget\" data-e-type=\"widget\" data-widget_type=\"button.default\">\n\t\t\t\t\t\t\t\t\t\t<a class=\"elementor-button elementor-button-link elementor-size-sm elementor-animation-grow\" href=\"https:\/\/www.forum.aupindelalegue.com\">\n\t\t\t\t\t\t<span class=\"elementor-button-content-wrapper\">\n\t\t\t\t\t\t\t\t\t<span class=\"elementor-button-text\">Le Forum du Pin de la L\u00e8gue<\/span>\n\t\t\t\t\t<\/span>\n\t\t\t\t\t<\/a>\n\t\t\t\t\t\t\t\t<\/div>\n\t\t\t\t<\/div>\n\t\t<div class=\"elementor-element elementor-element-adb7665 e-con-full e-flex e-con e-child\" data-id=\"adb7665\" data-element_type=\"container\" data-e-type=\"container\">\n\t\t\t\t<div class=\"elementor-element elementor-element-33966c7 elementor-mobile-align-center elementor-widget elementor-widget-button\" data-id=\"33966c7\" data-element_type=\"widget\" data-e-type=\"widget\" data-widget_type=\"button.default\">\n\t\t\t\t\t\t\t\t\t\t<a class=\"elementor-button elementor-button-link elementor-size-sm elementor-animation-grow\" href=\"https:\/\/www.forum.aupindelalegue.com\/annonces\/\">\n\t\t\t\t\t\t<span class=\"elementor-button-content-wrapper\">\n\t\t\t\t\t\t\t\t\t<span class=\"elementor-button-text\">Les Annonces du Pin de la L\u00e8gue<\/span>\n\t\t\t\t\t<\/span>\n\t\t\t\t\t<\/a>\n\t\t\t\t\t\t\t\t<\/div>\n\t\t\t\t<\/div>\n\t\t<div class=\"elementor-element elementor-element-6f5fc1a e-con-full e-flex e-con e-child\" data-id=\"6f5fc1a\" data-element_type=\"container\" data-e-type=\"container\">\n\t\t\t\t<div class=\"elementor-element elementor-element-4afcb4e elementor-align-justify elementor-widget elementor-widget-button\" data-id=\"4afcb4e\" data-element_type=\"widget\" data-e-type=\"widget\" data-widget_type=\"button.default\">\n\t\t\t\t\t\t\t\t\t\t<a class=\"elementor-button elementor-button-link elementor-size-sm elementor-animation-grow\" href=\"https:\/\/aupindelalegue.com\/boutique\/\">\n\t\t\t\t\t\t<span class=\"elementor-button-content-wrapper\">\n\t\t\t\t\t\t\t\t\t<span class=\"elementor-button-text\">La Boutique aupindelalegue<\/span>\n\t\t\t\t\t<\/span>\n\t\t\t\t\t<\/a>\n\t\t\t\t\t\t\t\t<\/div>\n\t\t\t\t<\/div>\n\t\t<div class=\"elementor-element elementor-element-ccc4b84 e-con-full e-flex e-con e-child\" data-id=\"ccc4b84\" data-element_type=\"container\" data-e-type=\"container\">\n\t\t\t\t<div class=\"elementor-element elementor-element-acf0b66 elementor-align-justify elementor-widget elementor-widget-button\" data-id=\"acf0b66\" data-element_type=\"widget\" data-e-type=\"widget\" data-widget_type=\"button.default\">\n\t\t\t\t\t\t\t\t\t\t<a class=\"elementor-button elementor-button-link elementor-size-sm elementor-animation-grow\" href=\"https:\/\/aupindelalegue.com\/10-01\/\">\n\t\t\t\t\t\t<span class=\"elementor-button-content-wrapper\">\n\t\t\t\t\t\t\t\t\t<span class=\"elementor-button-text\">Documents Utiles<\/span>\n\t\t\t\t\t<\/span>\n\t\t\t\t\t<\/a>\n\t\t\t\t\t\t\t\t<\/div>\n\t\t\t\t<\/div>\n\t\t\t\t\t<\/div>\n\t\t\t\t<\/div>\n\t\t<div class=\"elementor-element elementor-element-1b0192ba e-flex e-con-boxed e-con e-parent\" data-id=\"1b0192ba\" data-element_type=\"container\" data-e-type=\"container\">\n\t\t\t\t\t<div class=\"e-con-inner\">\n\t\t\t\t<div class=\"elementor-element elementor-element-7d55d154 elementor-widget elementor-widget-heading\" data-id=\"7d55d154\" data-element_type=\"widget\" data-e-type=\"widget\" data-widget_type=\"heading.default\">\n\t\t\t\t\t<h1 class=\"elementor-heading-title elementor-size-default\">Bienvenue sur le Journal du Pin de la L\u00e8gue<\/h1>\t\t\t\t<\/div>\n\t\t\t\t<div class=\"elementor-element elementor-element-342c31fd elementor-arrows-position-inside elementor-pagination-position-outside elementor-widget elementor-widget-image-carousel\" data-id=\"342c31fd\" data-element_type=\"widget\" data-e-type=\"widget\" data-settings=\"{&quot;slides_to_show&quot;:&quot;1&quot;,&quot;navigation&quot;:&quot;both&quot;,&quot;autoplay&quot;:&quot;yes&quot;,&quot;pause_on_hover&quot;:&quot;yes&quot;,&quot;pause_on_interaction&quot;:&quot;yes&quot;,&quot;autoplay_speed&quot;:5000,&quot;infinite&quot;:&quot;yes&quot;,&quot;effect&quot;:&quot;slide&quot;,&quot;speed&quot;:500}\" data-widget_type=\"image-carousel.default\">\n\t\t\t\t\t\t\t<div class=\"elementor-image-carousel-wrapper swiper\" role=\"region\" aria-roledescription=\"carousel\" aria-label=\"Carrousel d\u2019images\" dir=\"ltr\">\n\t\t\t<div class=\"elementor-image-carousel swiper-wrapper\" aria-live=\"off\">\n\t\t\t\t\t\t\t\t<div class=\"swiper-slide\" role=\"group\" aria-roledescription=\"slide\" aria-label=\"1 sur 1\"><figure class=\"swiper-slide-inner\"><img decoding=\"async\" class=\"swiper-slide-image\" src=\"https:\/\/www.forum.aupindelalegue.com\/journal\/wp-content\/uploads\/sites\/4\/2026\/04\/Capture-decran-2026-04-24-a-07.57.42-768x363.png\" alt=\"Capture d\u2019\u00e9cran 2026-04-24 \u00e0 07.57.42\" \/><\/figure><\/div>\t\t\t<\/div>\n\t\t\t\t\t<\/div>\n\t\t\t\t\t\t<\/div>\n\t\t\t\t\t<\/div>\n\t\t\t\t<\/div>\n\t\t<div class=\"elementor-element elementor-element-d7ad75d e-grid e-con-boxed e-con e-parent\" data-id=\"d7ad75d\" data-element_type=\"container\" data-e-type=\"container\">\n\t\t\t\t\t<div class=\"e-con-inner\">\n\t\t\t\t<div class=\"elementor-element elementor-element-44299c0 elementor-widget elementor-widget-image\" data-id=\"44299c0\" data-element_type=\"widget\" data-e-type=\"widget\" data-widget_type=\"image.default\">\n\t\t\t\t\t\t\t\t\t\t\t\t\t\t\t\t<a href=\"https:\/\/aupindelalegue.com\/entrees-de-hameaux\/\">\n\t\t\t\t\t\t\t<img fetchpriority=\"high\" decoding=\"async\" width=\"744\" height=\"728\" src=\"https:\/\/www.forum.aupindelalegue.com\/journal\/wp-content\/uploads\/sites\/4\/2026\/04\/Capture-decran-2026-04-19-a-16.14.23.png\" class=\"attachment-large size-large wp-image-1059\" alt=\"\" srcset=\"https:\/\/www.forum.aupindelalegue.com\/journal\/wp-content\/uploads\/sites\/4\/2026\/04\/Capture-decran-2026-04-19-a-16.14.23.png 744w, https:\/\/www.forum.aupindelalegue.com\/journal\/wp-content\/uploads\/sites\/4\/2026\/04\/Capture-decran-2026-04-19-a-16.14.23-300x294.png 300w\" sizes=\"(max-width: 744px) 100vw, 744px\" \/>\t\t\t\t\t\t\t\t<\/a>\n\t\t\t\t\t\t\t\t\t\t\t\t\t\t\t<\/div>\n\t\t\t\t<div class=\"elementor-element elementor-element-2510880 elementor-widget elementor-widget-image\" data-id=\"2510880\" data-element_type=\"widget\" data-e-type=\"widget\" data-widget_type=\"image.default\">\n\t\t\t\t\t\t\t\t\t\t\t\t\t\t\t\t<a href=\"https:\/\/aupindelalegue.com\/projet-societe-commerciale-1979\/\">\n\t\t\t\t\t\t\t<img decoding=\"async\" width=\"800\" height=\"806\" src=\"https:\/\/www.forum.aupindelalegue.com\/journal\/wp-content\/uploads\/sites\/4\/2026\/01\/Capture-decran-2026-04-22-a-11.24.50-1016x1024.png\" class=\"attachment-large size-large wp-image-1071\" alt=\"\" srcset=\"https:\/\/www.forum.aupindelalegue.com\/journal\/wp-content\/uploads\/sites\/4\/2026\/01\/Capture-decran-2026-04-22-a-11.24.50-1016x1024.png 1016w, https:\/\/www.forum.aupindelalegue.com\/journal\/wp-content\/uploads\/sites\/4\/2026\/01\/Capture-decran-2026-04-22-a-11.24.50-298x300.png 298w, https:\/\/www.forum.aupindelalegue.com\/journal\/wp-content\/uploads\/sites\/4\/2026\/01\/Capture-decran-2026-04-22-a-11.24.50-150x150.png 150w, https:\/\/www.forum.aupindelalegue.com\/journal\/wp-content\/uploads\/sites\/4\/2026\/01\/Capture-decran-2026-04-22-a-11.24.50-768x774.png 768w, https:\/\/www.forum.aupindelalegue.com\/journal\/wp-content\/uploads\/sites\/4\/2026\/01\/Capture-decran-2026-04-22-a-11.24.50.png 1046w\" sizes=\"(max-width: 800px) 100vw, 800px\" \/>\t\t\t\t\t\t\t\t<\/a>\n\t\t\t\t\t\t\t\t\t\t\t\t\t\t\t<\/div>\n\t\t\t\t\t<\/div>\n\t\t\t\t<\/div>\n\t\t\t\t<\/div>\n\t\t","protected":false},"excerpt":{"rendered":"<p>Le Forum du Pin de la L\u00e8gue Les Annonces du Pin de la L\u00e8gue La Boutique aupindelalegue Documents Utiles Bienvenue sur le Journal du Pin de la L\u00e8gue<\/p>\n","protected":false},"author":1,"featured_media":0,"parent":0,"menu_order":0,"comment_status":"closed","ping_status":"closed","template":"","meta":{"_bbp_topic_count":0,"_bbp_reply_count":0,"_bbp_total_topic_count":0,"_bbp_total_reply_count":0,"_bbp_voice_count":0,"_bbp_anonymous_reply_count":0,"_bbp_topic_count_hidden":0,"_bbp_reply_count_hidden":0,"_bbp_forum_subforum_count":0,"iawp_total_views":10,"footnotes":""},"class_list":["post-1098","page","type-page","status-publish","hentry"],"aioseo_notices":[],"_links":{"self":[{"href":"https:\/\/www.forum.aupindelalegue.com\/journal\/wp-json\/wp\/v2\/pages\/1098","targetHints":{"allow":["GET"]}}],"collection":[{"href":"https:\/\/www.forum.aupindelalegue.com\/journal\/wp-json\/wp\/v2\/pages"}],"about":[{"href":"https:\/\/www.forum.aupindelalegue.com\/journal\/wp-json\/wp\/v2\/types\/page"}],"author":[{"embeddable":true,"href":"https:\/\/www.forum.aupindelalegue.com\/journal\/wp-json\/wp\/v2\/users\/1"}],"replies":[{"embeddable":true,"href":"https:\/\/www.forum.aupindelalegue.com\/journal\/wp-json\/wp\/v2\/comments?post=1098"}],"version-history":[{"count":46,"href":"https:\/\/www.forum.aupindelalegue.com\/journal\/wp-json\/wp\/v2\/pages\/1098\/revisions"}],"predecessor-version":[{"id":1266,"href":"https:\/\/www.forum.aupindelalegue.com\/journal\/wp-json\/wp\/v2\/pages\/1098\/revisions\/1266"}],"wp:attachment":[{"href":"https:\/\/www.forum.aupindelalegue.com\/journal\/wp-json\/wp\/v2\/media?parent=1098"}],"curies":[{"name":"wp","href":"https:\/\/api.w.org\/{rel}","templated":true}]}}